{"id":636,"date":"2016-03-30T19:57:33","date_gmt":"2016-03-30T19:57:33","guid":{"rendered":"http:\/\/kpnysa.silezjaplus.eu\/index.php\/kontakt\/"},"modified":"2022-12-21T20:11:57","modified_gmt":"2022-12-21T20:11:57","slug":"kontakt","status":"publish","type":"page","link":"https:\/\/kpnysa.silezjaplus.eu\/index.php\/kontakt\/","title":{"rendered":"Kontakt"},"content":{"rendered":"<p><strong>&nbsp; &nbsp; &nbsp; &nbsp; &nbsp; &nbsp; &nbsp; &nbsp; &nbsp; &nbsp; &nbsp; Nyskiego Stowarzyszenia Pszczelarzy im. ks. dr Jana Dzier\u017cona<\/strong><\/p>\n<p>Kontakt do zarz\u0105du stowarzyszenia:<\/p>\n<ul>\n<li><strong>Jerzy&nbsp;Duda<\/strong> &#8211; Prezes Zarz\u0105du&nbsp;<strong>&nbsp;664 769 799,&nbsp;<\/strong>(&nbsp;<span style=\"unicode-bidi: bidi-override;  direction: rtl\">lp.po<\/span>@<span style=\"unicode-bidi: bidi-override;  direction: rtl\">adudyzrej<\/span>&nbsp;)<\/li>\n<li><strong>&nbsp;<strong>Lenkiewicz &nbsp;Alfred<\/strong>&nbsp;&#8211; <\/strong>Z-ca Prezes Zarz\u0105du-&nbsp;<strong>606 296 767<\/strong>&nbsp;&#8211; odpowiedzialny za sprawy kulturalne i &nbsp; o\u015bwiatowe<\/li>\n<li><strong>&nbsp;Janusz Kluska<\/strong>&nbsp; &#8211; Sekretarz &#8211;&nbsp;<strong>666 637 735&nbsp;<\/strong>&nbsp;(&nbsp;<span style=\"unicode-bidi: bidi-override;  direction: rtl\">lp.pw<\/span>@<span style=\"unicode-bidi: bidi-override;  direction: rtl\">76691zsunaj<\/span>&nbsp;) &#8211; odpowiedzialny za zakup lek\u00f3w<\/li>\n<\/ul>\n<p><strong>&nbsp;<\/strong><\/p>\n<p><strong>Kontakt mo\u017cliwy r\u00f3wnie\u017c na <a href=\"\/kp\/spotkania\">spotkaniach ko\u0142a pszczelarzy<\/a>&nbsp;<\/strong><\/p>\n<p><strong>&nbsp;<\/strong><\/p>\n","protected":false},"excerpt":{"rendered":"<p>&nbsp; &nbsp; &nbsp; &nbsp; &nbsp; &nbsp; &nbsp; &nbsp; &nbsp; &nbsp; &nbsp; Nyskiego Stowarzyszenia Pszczelarzy im. ks. dr Jana Dzier\u017cona Kontakt do zarz\u0105du stowarzyszenia: Jerzy&nbsp;Duda &#8211; Prezes Zarz\u0105du&nbsp;&nbsp;664 769 799,&nbsp;(&nbsp;lp.po@adudyzrej&nbsp;) &nbsp;Lenkiewicz &nbsp;Alfred&nbsp;&#8211; Z-ca Prezes Zarz\u0105du-&nbsp;606 296 767&nbsp;&#8211; odpowiedzialny za sprawy kulturalne i &nbsp; o\u015bwiatowe &nbsp;Janusz Kluska&nbsp; &#8211; Sekretarz &#8211;&nbsp;666 637 735&nbsp;&nbsp;(&nbsp;lp.pw@76691zsunaj&nbsp;) &#8211; odpowiedzialny za zakup lek\u00f3w\u2026 <span class=\"read-more\"><a href=\"https:\/\/kpnysa.silezjaplus.eu\/index.php\/kontakt\/\">Dowiedz si\u0119 wi\u0119cej &raquo;<\/a><\/span><\/p>\n","protected":false},"author":1,"featured_media":0,"parent":0,"menu_order":0,"comment_status":"closed","ping_status":"closed","template":"","meta":{"footnotes":""},"class_list":["post-636","page","type-page","status-publish","hentry"],"_links":{"self":[{"href":"https:\/\/kpnysa.silezjaplus.eu\/index.php\/wp-json\/wp\/v2\/pages\/636","targetHints":{"allow":["GET"]}}],"collection":[{"href":"https:\/\/kpnysa.silezjaplus.eu\/index.php\/wp-json\/wp\/v2\/pages"}],"about":[{"href":"https:\/\/kpnysa.silezjaplus.eu\/index.php\/wp-json\/wp\/v2\/types\/page"}],"author":[{"embeddable":true,"href":"https:\/\/kpnysa.silezjaplus.eu\/index.php\/wp-json\/wp\/v2\/users\/1"}],"replies":[{"embeddable":true,"href":"https:\/\/kpnysa.silezjaplus.eu\/index.php\/wp-json\/wp\/v2\/comments?post=636"}],"version-history":[{"count":0,"href":"https:\/\/kpnysa.silezjaplus.eu\/index.php\/wp-json\/wp\/v2\/pages\/636\/revisions"}],"wp:attachment":[{"href":"https:\/\/kpnysa.silezjaplus.eu\/index.php\/wp-json\/wp\/v2\/media?parent=636"}],"curies":[{"name":"wp","href":"https:\/\/api.w.org\/{rel}","templated":true}]}}